(-5). Calculate the highest common divisor of 22 and w.
2
Suppose 4*x = 8*x - 12. Let d be 1 + 11 - (x + -4). Suppose 0 = -2*u + 4, -2*f = 2*f + 2*u - 108. Calculate the greatest common divisor of d and f.
13
Suppose u - 3*u + 18 = 0. Let b(o) = -o + 13. Let p be b(u). Let y(s) = -s**3 + 8*s**2 - 5*s + 2. Let n be y(6). What is the greatest common factor of p and n?
4
Suppose j = 2*q + 5*j - 36, -5*j = 2*q - 34. Calculate the greatest common factor of q and 11.
11
Suppose -3*q + 5*s = 329, 2*q + 4*s + 94 = -118. Let k be 2 - (-201)/(1 + 0). Let z = q + k. Calculate the greatest common divisor of z and 38.
19
Let z be 80/6 + (-2)/6. Suppose 4*r - 157 = 3*r. Suppose -j + 4*o + 71 = 0, 2*j - 3*o - 2*o = r. What is the highest common divisor of j and z?
13
Suppose -23*l + 10*l = -624. Calculate the highest common factor of 12 and l.
12
Let t = 18 + -13. Suppose -g - t = -15. Calculate the highest common divisor of g and 30.
10
Let u be (2/6)/(3/63). Let j be u + (-3 - -4) - -1. Calculate the highest common divisor of 81 and j.
9
Let p be 3/4 - 10/(-8). Suppose -p*v - 9 = -21. Calculate the greatest common factor of 12 and v.
6
Let r(a) = -4*a - 25. Let l be r(-10). Calculate the greatest common divisor of l and 10.
5
Let m(q) = 13*q - 7. Let a be m(4). Calculate the highest common divisor of 9 and a.
9
Let j be ((-2)/4)/((-2)/(-12)). Let b be (-8)/j + (-4)/(-12). What is the highest common factor of 3 and b?
3
Suppose 0 = -23*s + 8*s + 300. Suppose a = -3*a + 400. What is the highest common factor of s and a?
20
Let p be -1*(-1*6)/2. Suppose -p*v = -114 - 42. Calculate the highest common divisor of 26 and v.
26
Let p(z) = 4*z**2 + 4*z - 3. Let f be p(2). Let t = 574 - -74. Suppose -3*l + t - 18 = 0. Calculate the greatest common factor of l and f.
21
Let k(y) = 3*y - 16. Let c be k(7). What is the highest common factor of 2 and c?
1
Suppose -8*r + 9*r = 20. Calculate the highest common divisor of 5 and r.
5
Suppose -5*o = 3*g - 222 - 385, g = o + 213. What is the highest common factor of 19 and g?
19
Let o(r) = -r**3 + 17*r**2 + 3*r - 45. Let s be o(17). Calculate the highest common factor of s and 21.
3
Let c(p) be the second derivative of -p**3/6 - p**2/2 + 2*p. Let m be c(-6). Calculate the greatest common factor of 2 and m.
1
Let r = 16 + -8. Let j be 8 - (2 + r/(-2)). Let b(z) = 4*z + 6. Let p be b(6). Calculate the highest common divisor of j and p.
10
Let p be 10/(-45) + (-33)/(-27). Let h be 22/4 + 2/4. Let a be (-3)/(-9) - (-52)/h. What is the greatest common factor of a and p?
1
Suppose -2*f + 48 = -10. Suppose -f = v - 125. What is the highest common factor of v and 12?
12
Suppose -3*l - 13 = -5*x + 3, -10 = -2*x. Let z(c) = c**3 + c**2 - 4*c. Let i be z(l). What is the highest common divisor of i and 4?
4
Let s = 9 + 1. Suppose -3*g - s = 4*u - 72, 25 = 5*u. What is the highest common divisor of g and 56?
14
Suppose -3*k - 4*u = 83, 2*k - 5*u + 49 = -14. Let o = -10 - k. Let w = -44 + 63. Calculate the greatest common factor of w and o.
19
Let f = -5 + 9. Suppose 12 = 4*h - f. Suppose 0 = -b - h + 16. Calculate the greatest common factor of 96 and b.
12
Suppose 4*v - 42 - 82 = -2*j, 4*v = 5*j - 254. What is the greatest common factor of j and 6?
6
Suppose 0*v = v - 59. Suppose -121 = -3*j + v. Calculate the greatest common divisor of 20 and j.
20
Let x = -37 + 27. Let o = x + 22. Calculate the greatest common factor of 4 and o.
4
Let y = -25 - -85. Calculate the highest common divisor of 40 and y.
20
Let t(i) = -i**2 + 15*i + 57. Let h be t(18). What is the greatest common divisor of h and 12?
3
Let w be -3 + 2 + 1 + 0. Let a be 56/1 - (1 - w). Calculate the greatest common divisor of 11 and a.
11
Let a(x) = x**2 - x + 1. Suppose 10 = 5*r, 0 = -2*t - r + 1 - 7. Let h be a(t). What is the highest common factor of h and 7?
7
Suppose 203 = 2*k - 5. Let t(p) = 6*p - 17. Let g be t(5). What is the greatest common divisor of g and k?
13
Suppose 4*n - 819 = 2*k + 511, 5*n - 1625 = -5*k. What is the greatest common divisor of n and 30?
30
Let i(h) = h**3 - 6*h**2 + 3*h + 4. Let o be i(6). Suppose 190 = 3*g + o. What is the highest common divisor of 14 and g?
14
Suppose -5*m + 5*r = -20, -5*m - 4*r - 24 = -8. Let i(f) = 14 + m*f**2 + f - 2*f**2 + f**2. Let c be i(0). Calculate the greatest common divisor of c and 154.
14
Let j(s) = s**2 + s. Let q be 18/4*12/18. Let k be j(q). Let h = 78 + -54. What is the greatest common divisor of k and h?
12
Suppose 4*x - 3*w - 35 = 0, 19 = -3*w + 4. What is the highest common divisor of 45 and x?
5
Suppose 2*f - 3*f + 6 = -3*c, -12 = -2*f - 2*c. Let q = 20 + -14. Calculate the highest common factor of f and q.
6
Let q = -3 + 3. Let u = q + 0. Let x(k) = -k + 42. Let j be x(u). What is the greatest common divisor of j and 7?
7
Suppose 5*r - 5*i + 15 = 0, -i = -3*r - 0*i - 1. Let g = -2 + r. Let z be (-9 - (1 + 0))/g. What is the greatest common divisor of 110 and z?
10
Let u = 3 - -17. Calculate the highest common divisor of 100 and u.
20
Let x = 16 - 11. Suppose -3 = c - x. Suppose -3*p - c*p + 75 = -4*a, 5*p - 75 = -a. What is the greatest common divisor of 45 and p?
15
Let h(a) = -a**3 - 11*a**2 + a + 15. Let r be h(-11). Suppose -2*m = r*j - 80, -2*m + 6*j - 3*j + 108 = 0. Calculate the highest common divisor of m and 32.
16
Suppose 0 = t + 4*t - 15. Suppose -t*q - 3*d + d + 58 = 0, -4*q - 4*d = -80. Calculate the greatest common factor of 18 and q.
18
Let f = 1 - -4. Let a(d) = d**3 + 3*d**2 - 6*d + 1. Let j be a(f). What is the greatest common divisor of 19 and j?
19
Suppose 5*m + 117 = -13. Let y be ((-8)/(-6))/(m/(-351)). Calculate the greatest common factor of y and 198.
18
Let z = 11 + -6. Let l be z/(-20) - (-730)/8. Let q = 36 + -23. What is the greatest common factor of l and q?
13
Let w be -1*(1 - (13 - 1)). Suppose 2*l + 3*l = 25, -4*n = 2*l - 142. Calculate the greatest common divisor of w and n.
11
Let n be 5*(15 - -1 - -2)*1. What is the highest common divisor of n and 36?
18
Suppose -d + 138 = 2. Calculate the greatest common divisor of d and 17.
17
Let q be (1 + 0)*-16 - -1. Let w = 22 + q. Calculate the greatest common divisor of 7 and w.
7
Let z be (-1 + -2)*-6 - -2. Let k be (12/5)/((-3)/z). Let a = -6 - k. What is the highest common divisor of a and 90?
10
Let l(a) = a**3 + 8*a**2 - 3*a + 4. Let p be l(-4). What is the greatest common factor of p and 32?
16
Let w = 519 + -349. Suppose 3*p = w - 2. Let a(u) = -u + 7. Let f be a(0). Calculate the greatest common factor of f and p.
7
Let p be (-17)/(-2) + (-2)/4. Let v = p - -2. What is the highest common divisor of v and 110?
10
Let c(m) = -2*m**2 - 2*m + 18. Let t be c(0). What is the highest common factor of t and 27?
9
Let i(t) = -t**2 - 6*t - 3. Let o be i(-5). Suppose k + 3*b - 9 = 2, -16 = -k + o*b. What is the highest common divisor of 14 and k?
14
Let u be 7/(-3*2/(-12)). Suppose v - 117 - 9 = 0. What is the greatest common divisor of u and v?
14
Let a = 27 + -18. What is the highest common factor of 9 and a?
9
Let r = -279 - -54. Let k = -105 - r. Let a = 30 - 6. What is the highest common divisor of a and k?
24
Suppose 3*k = 4*y - 62 - 53, -3*k - 3 = 0. Let t = -15 - -22. Calculate the greatest common factor of t and y.
7
Suppose -5*x + 46 = -44. What is the greatest common factor of x and 54?
18
Let s be (2/(-5))/((-2)/10). Let q be 0 + s - (0 + 2). Suppose q*f + 50 = f. Calculate the greatest common divisor of 10 and f.
10
Let v(f) = 8*f**3 + f**2 - f + 1. Let n be v(1). What is the highest common factor of 1 and n?
1
Let t be (-1)/7 - (-96)/84. Let x be (-24)/(-12)*(-2)/(-4). What is the greatest common factor of t and x?
1
Suppose -2*r - 10 = -2. Let k = r + 10. Calculate the greatest common factor of 48 and k.
6
Suppose -2*l + 450 = 3*v, 5*l = 3*v + 2*v - 775. Let g = v + -89. Let x = g - 18. What is the greatest common divisor of x and 9?
9
Let m(v) be the third derivative of 5*v**4/8 - 5*v**3/3 - v**2. Let k be m(7). Suppose 5*q - 38 = 3*q. What is the highest common factor of q and k?
19
Suppose 3*w = 284 - 110. Suppose 3*m = m + w. Let p be m/3 + (-4)/(-12). Calculate the greatest common factor of p and 50.
10
Suppose -5*a = 3*o - 27, o = -5*a + 4*a + 5. Let u(p) = p - 2. Let s be u(3). Let m = 8 + s. Calculate t